{"id":6686,"date":"2024-04-25T08:36:45","date_gmt":"2024-04-25T06:36:45","guid":{"rendered":"https:\/\/izmf-salzburg.at\/?page_id=6686"},"modified":"2025-09-08T09:56:32","modified_gmt":"2025-09-08T07:56:32","slug":"imareal","status":"publish","type":"page","link":"https:\/\/geschichte-studium.at\/izmf\/imareal\/","title":{"rendered":"IMAREAL"},"content":{"rendered":"<section class=\"wpb-content-wrapper\"><p>[vc_row][vc_column][vc_column_text]<\/p>\n<p>Das <a href=\"https:\/\/www.imareal.sbg.ac.at\/\" target=\"_blank\" rel=\"noopener\"><strong>Institut f\u00fcr Realienkunde des Mittelalters und der fr\u00fchen Neuzeit<\/strong><\/a> (IMAREAL) ist ein kulturwissenschaftliches Forschungsinstitut der Universit\u00e4t Salzburg mit Standort Krems an der Donau. Die beteiligten Wissenschaftler*innen stellen Themen der Materiellen Kultur in den Mittelpunkt ihrer Forschungen und nehmen die vielf\u00e4ltigen Wechselbeziehungen zwischen Menschen und materieller Welt in historischer Perspektive (12.\u201317. Jahrhundert) in den Blick.<\/p>\n<p>Mit diesem Profil ist das IMAREAL seit seiner Gr\u00fcndung im Jahr 1969 die einzige akademische Einrichtung dieser Art. Seit 2012 ist die Universit\u00e4t Salzburg Tr\u00e4gerin des Instituts, das zus\u00e4tzlich durch eine Basisfinanzierung des Landes Nieder\u00f6sterreich und der Stadt Krems gef\u00f6rdert wird.<\/p>\n<p><strong>Die Bedeutung der Dinge erfassen<\/strong><\/p>\n<p>Wir legen unser Hauptaugenmerk auf die Dinge und ihre unterschiedlichen Kontexte. Uns interessiert, an welchen Praktiken sie teilhaben und dadurch f\u00fcr Menschen Sinn ergeben.<\/p>\n<p><strong>Materialit\u00e4t begreifen<\/strong><\/p>\n<p>Erst im Umgang mit Materialien werden deren Eigenschaften erfahrbar. Wir untersuchen, welches Wissen \u00fcber Materialien in deren Auswahl, Bearbeitung und Symbolisierung gespeichert wurde.<\/p>\n<p><strong>Interdisziplinarit\u00e4t praktizieren<\/strong><\/p>\n<p>Dinge und Materialien sind als materielle Objekte, in Texten oder Bildern \u00fcberliefert. Deshalb forschen wir f\u00e4cher\u00fcbergreifend und verbinden die unterschiedlichen Perspektiven und Methoden aus der Arch\u00e4ologie, Germanistik, Geschichtswissenschaft und Kunstgeschichte.<\/p>\n<p><strong>Potenziale des Digitalen nutzen<\/strong><\/p>\n<p>Wir entwickeln digitale Technologien und Methoden und wenden sie an, um neue Zug\u00e4nge f\u00fcr die kulturwissenschaftliche Forschung und deren Vermittlung zu finden.<\/p>\n<p><strong>Von Vernetzung profitieren<\/strong><\/p>\n<p>Das IMAREAL ist Teil des Interdisziplin\u00e4ren Zentrums f\u00fcr Mittelalter und Fr\u00fchneuzeit der Universit\u00e4t Salzburg. Wir stehen mit Kolleg*innen aus verschiedenen Fachbereichen im direkten Austausch und bringen aktuelle Forschung zur Materiellen Kultur in die Lehre ein. Neben den internationalen Verbindungen nutzen wir den Standort Krems und die nieder\u00f6sterreichische Forschungslandschaft, um Theorien und Methoden vor Ort und in der Region zu erproben.<\/p>\n<p>&nbsp;<\/p>\n<p><strong>Gesch\u00e4ftsf\u00fchrung:<\/strong> PD Dr.in Elisabeth Gruber <a href=\"https:\/\/www.imareal.sbg.ac.at\/team\/elisabeth-gruber\/\">https:\/\/www.imareal.sbg.ac.at\/team\/elisabeth-gruber\/<\/a><\/p>\n<p><strong>IMAREAL<\/strong>: <a href=\"https:\/\/www.imareal.sbg.ac.at\/\">https:\/\/www.imareal.sbg.ac.at\/<\/a><\/p>\n<p><strong>Publikationsformate des IMAREAL:<\/strong><\/p>\n<p><a href=\"https:\/\/memo.imareal.sbg.ac.at\/\" target=\"_blank\" rel=\"noopener\">Zeitschrift MEMO<\/a><\/p>\n<p><a href=\"https:\/\/www.imareal.sbg.ac.at\/publikationen-uebersicht\/formate\/\" target=\"_blank\" rel=\"noopener\">Zeitschrift Formate<\/a><\/p>\n<p>[\/vc_column_text][\/vc_column][\/vc_row][vc_row][vc_column][vc_column_text][vc_row][vc_column width=&#8220;1\/1&#8243;][\/vc_column][\/vc_row][\/vc_row]<\/p>\n<\/section>","protected":false},"excerpt":{"rendered":"<p>[vc_row][vc_column][vc_column_text] Das Institut f\u00fcr Realienkunde des Mittelalters und der fr\u00fchen Neuzeit (IMAREAL) ist ein kulturwissenschaftliches Forschungsinstitut&#8230;<\/p>\n","protected":false},"author":7,"featured_media":7374,"parent":0,"menu_order":0,"comment_status":"closed","ping_status":"closed","template":"","meta":{"_bbp_topic_count":0,"_bbp_reply_count":0,"_bbp_total_topic_count":0,"_bbp_total_reply_count":0,"_bbp_voice_count":0,"_bbp_anonymous_reply_count":0,"_bbp_topic_count_hidden":0,"_bbp_reply_count_hidden":0,"_bbp_forum_subforum_count":0},"yoast_head":"<!-- This site is optimized with the Yoast SEO plugin v20.2.1 - https:\/\/yoast.com\/wordpress\/plugins\/seo\/ -->\n<title>IMAREAL - IZMF - Interdisziplin\u00e4res Zentrum f\u00fcr Mittelalter und Fr\u00fchneuzeit<\/title>\n<meta name=\"robots\" content=\"index, follow, max-snippet:-1, max-image-preview:large, max-video-preview:-1\" \/>\n<link rel=\"canonical\" href=\"https:\/\/geschichte-studium.at\/izmf\/imareal\/\" \/>\n<meta property=\"og:locale\" content=\"de_DE\" \/>\n<meta property=\"og:type\" content=\"article\" \/>\n<meta property=\"og:title\" content=\"IMAREAL - IZMF - Interdisziplin\u00e4res Zentrum f\u00fcr Mittelalter und Fr\u00fchneuzeit\" \/>\n<meta property=\"og:description\" content=\"[vc_row][vc_column][vc_column_text] Das Institut f\u00fcr Realienkunde des Mittelalters und der fr\u00fchen Neuzeit (IMAREAL) ist ein kulturwissenschaftliches Forschungsinstitut...\" \/>\n<meta property=\"og:url\" content=\"https:\/\/geschichte-studium.at\/izmf\/imareal\/\" \/>\n<meta property=\"og:site_name\" content=\"IZMF - Interdisziplin\u00e4res Zentrum f\u00fcr Mittelalter und Fr\u00fchneuzeit\" \/>\n<meta property=\"article:modified_time\" content=\"2025-09-08T07:56:32+00:00\" \/>\n<meta property=\"og:image\" content=\"https:\/\/izmf-salzburg.at\/wp-content\/uploads\/2025\/09\/IMAREAL_Institut-fuer-Realienkunde-des-Mittelalters-und-der-fruehen-Neuzeit-.png\" \/>\n\t<meta property=\"og:image:width\" content=\"2126\" \/>\n\t<meta property=\"og:image:height\" content=\"1004\" \/>\n\t<meta property=\"og:image:type\" content=\"image\/png\" \/>\n<meta name=\"twitter:card\" content=\"summary_large_image\" \/>\n<meta name=\"twitter:label1\" content=\"Gesch\u00e4tzte Lesezeit\" \/>\n\t<meta name=\"twitter:data1\" content=\"2\u00a0Minuten\" \/>\n<script type=\"application\/ld+json\" class=\"yoast-schema-graph\">{\"@context\":\"https:\/\/schema.org\",\"@graph\":[{\"@type\":\"WebPage\",\"@id\":\"https:\/\/geschichte-studium.at\/izmf\/imareal\/\",\"url\":\"https:\/\/geschichte-studium.at\/izmf\/imareal\/\",\"name\":\"IMAREAL - IZMF - Interdisziplin\u00e4res Zentrum f\u00fcr Mittelalter und Fr\u00fchneuzeit\",\"isPartOf\":{\"@id\":\"https:\/\/geschichte-studium.at\/izmf\/#website\"},\"datePublished\":\"2024-04-25T06:36:45+00:00\",\"dateModified\":\"2025-09-08T07:56:32+00:00\",\"breadcrumb\":{\"@id\":\"https:\/\/geschichte-studium.at\/izmf\/imareal\/#breadcrumb\"},\"inLanguage\":\"de\",\"potentialAction\":[{\"@type\":\"ReadAction\",\"target\":[\"https:\/\/geschichte-studium.at\/izmf\/imareal\/\"]}]},{\"@type\":\"BreadcrumbList\",\"@id\":\"https:\/\/geschichte-studium.at\/izmf\/imareal\/#breadcrumb\",\"itemListElement\":[{\"@type\":\"ListItem\",\"position\":1,\"name\":\"Startseite\",\"item\":\"https:\/\/izmf-salzburg.at\/\"},{\"@type\":\"ListItem\",\"position\":2,\"name\":\"IMAREAL\"}]},{\"@type\":\"WebSite\",\"@id\":\"https:\/\/geschichte-studium.at\/izmf\/#website\",\"url\":\"https:\/\/geschichte-studium.at\/izmf\/\",\"name\":\"IZMF - Interdisziplin\u00e4res Zentrum f\u00fcr Mittelalter und Fr\u00fchneuzeit\",\"description\":\"\",\"publisher\":{\"@id\":\"https:\/\/geschichte-studium.at\/izmf\/#organization\"},\"potentialAction\":[{\"@type\":\"SearchAction\",\"target\":{\"@type\":\"EntryPoint\",\"urlTemplate\":\"https:\/\/geschichte-studium.at\/izmf\/?s={search_term_string}\"},\"query-input\":\"required name=search_term_string\"}],\"inLanguage\":\"de\"},{\"@type\":\"Organization\",\"@id\":\"https:\/\/geschichte-studium.at\/izmf\/#organization\",\"name\":\"IZMF - Interdisziplin\u00e4res Zentrum f\u00fcr Mittelalter und Fr\u00fchneuzeit\",\"url\":\"https:\/\/geschichte-studium.at\/izmf\/\",\"logo\":{\"@type\":\"ImageObject\",\"inLanguage\":\"de\",\"@id\":\"https:\/\/geschichte-studium.at\/izmf\/#\/schema\/logo\/image\/\",\"url\":\"https:\/\/izmf-salzburg.at\/wp-content\/uploads\/2020\/03\/LOGO_IZMF-1.png\",\"contentUrl\":\"https:\/\/izmf-salzburg.at\/wp-content\/uploads\/2020\/03\/LOGO_IZMF-1.png\",\"width\":2525,\"height\":1495,\"caption\":\"IZMF - Interdisziplin\u00e4res Zentrum f\u00fcr Mittelalter und Fr\u00fchneuzeit\"},\"image\":{\"@id\":\"https:\/\/geschichte-studium.at\/izmf\/#\/schema\/logo\/image\/\"},\"sameAs\":[\"https:\/\/www.instagram.com\/izmfunisalzburg\/\"]}]}<\/script>\n<!-- \/ Yoast SEO plugin. -->","yoast_head_json":{"title":"IMAREAL - IZMF - Interdisziplin\u00e4res Zentrum f\u00fcr Mittelalter und Fr\u00fchneuzeit","robots":{"index":"index","follow":"follow","max-snippet":"max-snippet:-1","max-image-preview":"max-image-preview:large","max-video-preview":"max-video-preview:-1"},"canonical":"https:\/\/geschichte-studium.at\/izmf\/imareal\/","og_locale":"de_DE","og_type":"article","og_title":"IMAREAL - IZMF - Interdisziplin\u00e4res Zentrum f\u00fcr Mittelalter und Fr\u00fchneuzeit","og_description":"[vc_row][vc_column][vc_column_text] Das Institut f\u00fcr Realienkunde des Mittelalters und der fr\u00fchen Neuzeit (IMAREAL) ist ein kulturwissenschaftliches Forschungsinstitut...","og_url":"https:\/\/geschichte-studium.at\/izmf\/imareal\/","og_site_name":"IZMF - Interdisziplin\u00e4res Zentrum f\u00fcr Mittelalter und Fr\u00fchneuzeit","article_modified_time":"2025-09-08T07:56:32+00:00","og_image":[{"width":2126,"height":1004,"url":"https:\/\/izmf-salzburg.at\/wp-content\/uploads\/2025\/09\/IMAREAL_Institut-fuer-Realienkunde-des-Mittelalters-und-der-fruehen-Neuzeit-.png","type":"image\/png"}],"twitter_card":"summary_large_image","twitter_misc":{"Gesch\u00e4tzte Lesezeit":"2\u00a0Minuten"},"schema":{"@context":"https:\/\/schema.org","@graph":[{"@type":"WebPage","@id":"https:\/\/geschichte-studium.at\/izmf\/imareal\/","url":"https:\/\/geschichte-studium.at\/izmf\/imareal\/","name":"IMAREAL - IZMF - Interdisziplin\u00e4res Zentrum f\u00fcr Mittelalter und Fr\u00fchneuzeit","isPartOf":{"@id":"https:\/\/geschichte-studium.at\/izmf\/#website"},"datePublished":"2024-04-25T06:36:45+00:00","dateModified":"2025-09-08T07:56:32+00:00","breadcrumb":{"@id":"https:\/\/geschichte-studium.at\/izmf\/imareal\/#breadcrumb"},"inLanguage":"de","potentialAction":[{"@type":"ReadAction","target":["https:\/\/geschichte-studium.at\/izmf\/imareal\/"]}]},{"@type":"BreadcrumbList","@id":"https:\/\/geschichte-studium.at\/izmf\/imareal\/#breadcrumb","itemListElement":[{"@type":"ListItem","position":1,"name":"Startseite","item":"https:\/\/izmf-salzburg.at\/"},{"@type":"ListItem","position":2,"name":"IMAREAL"}]},{"@type":"WebSite","@id":"https:\/\/geschichte-studium.at\/izmf\/#website","url":"https:\/\/geschichte-studium.at\/izmf\/","name":"IZMF - Interdisziplin\u00e4res Zentrum f\u00fcr Mittelalter und Fr\u00fchneuzeit","description":"","publisher":{"@id":"https:\/\/geschichte-studium.at\/izmf\/#organization"},"potentialAction":[{"@type":"SearchAction","target":{"@type":"EntryPoint","urlTemplate":"https:\/\/geschichte-studium.at\/izmf\/?s={search_term_string}"},"query-input":"required name=search_term_string"}],"inLanguage":"de"},{"@type":"Organization","@id":"https:\/\/geschichte-studium.at\/izmf\/#organization","name":"IZMF - Interdisziplin\u00e4res Zentrum f\u00fcr Mittelalter und Fr\u00fchneuzeit","url":"https:\/\/geschichte-studium.at\/izmf\/","logo":{"@type":"ImageObject","inLanguage":"de","@id":"https:\/\/geschichte-studium.at\/izmf\/#\/schema\/logo\/image\/","url":"https:\/\/izmf-salzburg.at\/wp-content\/uploads\/2020\/03\/LOGO_IZMF-1.png","contentUrl":"https:\/\/izmf-salzburg.at\/wp-content\/uploads\/2020\/03\/LOGO_IZMF-1.png","width":2525,"height":1495,"caption":"IZMF - Interdisziplin\u00e4res Zentrum f\u00fcr Mittelalter und Fr\u00fchneuzeit"},"image":{"@id":"https:\/\/geschichte-studium.at\/izmf\/#\/schema\/logo\/image\/"},"sameAs":["https:\/\/www.instagram.com\/izmfunisalzburg\/"]}]}},"_links":{"self":[{"href":"https:\/\/geschichte-studium.at\/izmf\/wp-json\/wp\/v2\/pages\/6686"}],"collection":[{"href":"https:\/\/geschichte-studium.at\/izmf\/wp-json\/wp\/v2\/pages"}],"about":[{"href":"https:\/\/geschichte-studium.at\/izmf\/wp-json\/wp\/v2\/types\/page"}],"author":[{"embeddable":true,"href":"https:\/\/geschichte-studium.at\/izmf\/wp-json\/wp\/v2\/users\/7"}],"replies":[{"embeddable":true,"href":"https:\/\/geschichte-studium.at\/izmf\/wp-json\/wp\/v2\/comments?post=6686"}],"version-history":[{"count":10,"href":"https:\/\/geschichte-studium.at\/izmf\/wp-json\/wp\/v2\/pages\/6686\/revisions"}],"predecessor-version":[{"id":7384,"href":"https:\/\/geschichte-studium.at\/izmf\/wp-json\/wp\/v2\/pages\/6686\/revisions\/7384"}],"wp:featuredmedia":[{"embeddable":true,"href":"https:\/\/geschichte-studium.at\/izmf\/wp-json\/wp\/v2\/media\/7374"}],"wp:attachment":[{"href":"https:\/\/geschichte-studium.at\/izmf\/wp-json\/wp\/v2\/media?parent=6686"}],"curies":[{"name":"wp","href":"https:\/\/api.w.org\/{rel}","templated":true}]}}