{"id":5022,"date":"2020-09-29T18:44:11","date_gmt":"2020-09-29T16:44:11","guid":{"rendered":"https:\/\/izmf.sbg.ac.at\/?page_id=4831"},"modified":"2026-02-24T12:04:42","modified_gmt":"2026-02-24T11:04:42","slug":"faculty-2","status":"publish","type":"page","link":"https:\/\/geschichte-studium.at\/izmf\/en\/faculty-2\/","title":{"rendered":"Faculty"},"content":{"rendered":"<section class=\"wpb-content-wrapper\"><p>[vc_row][vc_column][vc_column_text]<\/p>\n<table class=\"contenttable\" summary=\"DSP Abbreviation Faculty\">\n<tbody>\n<tr>\n<td class=\"even\"><a class=\"default\" tabindex=\"405\" title=\"Link to internal page\" href=\"https:\/\/www.uni-salzburg.at\/index.php?id=23297\" target=\"_self\" rel=\"noopener noreferrer\">Univ.-Prof. Dr. Christina Antenhofer<\/a><\/td>\n<td class=\"even\">IZMF \/ Dept. of History<\/td>\n<td class=\"even\">DSP Management<\/td>\n<\/tr>\n<tr>\n<td rowspan=\"1\"><a class=\"extlink\" tabindex=\"406\" title=\"Dr. Elisabeth Gruber\" href=\"https:\/\/www.imareal.sbg.ac.at\/team\/elisabeth-gruber\/\" target=\"_blank\" rel=\"noopener noreferrer\">Ap. Prof. Dr. Elisabeth Gruber<\/a><\/td>\n<td rowspan=\"1\">IZMF \/ IMAREAL<\/td>\n<td rowspan=\"1\">DSP Management<\/td>\n<\/tr>\n<tr>\n<td class=\"even\" rowspan=\"1\"><a class=\"default\" tabindex=\"407\" title=\"Link to internal page\" href=\"https:\/\/www.uni-salzburg.at\/index.php?id=23202\" target=\"_self\" rel=\"noopener noreferrer\">Univ.-Prof. Dr. Manfred Kern<\/a><\/td>\n<td class=\"even\" rowspan=\"1\">IZMF\/ Dept. of German Studies<\/td>\n<td class=\"even\" rowspan=\"1\">DSP Management<\/td>\n<\/tr>\n<tr>\n<td rowspan=\"1\"><a class=\"default\" tabindex=\"409\" title=\"Link to internal page\" href=\"https:\/\/www.uni-salzburg.at\/index.php?id=202671\" target=\"_self\" rel=\"noopener noreferrer\">Univ.-Prof. Dr. Alexander Zerfa\u00df<\/a><\/td>\n<td rowspan=\"1\">IZMF\/ Dept. of Practical Theology<\/td>\n<td rowspan=\"1\">DSP Management<\/td>\n<\/tr>\n<tr>\n<td class=\"even\" rowspan=\"1\"><a href=\"https:\/\/www.plus.ac.at\/geschichte\/der-fachbereich\/personen\/ammerer-gerhard\/\">Univ.-Prof. Dr. Gerhard Ammerer<\/a><\/td>\n<td class=\"even\" rowspan=\"1\">Dept. of History<\/td>\n<td class=\"even\" rowspan=\"1\">Faculty Member<\/td>\n<\/tr>\n<tr>\n<td rowspan=\"1\"><a class=\"default\" tabindex=\"411\" title=\"Link to internal page\" href=\"https:\/\/www.uni-salzburg.at\/index.php?id=23293\" target=\"_self\" rel=\"noopener noreferrer\">Assoz.-Prof. Dr. Michael Brauer<\/a><\/td>\n<td rowspan=\"1\">Dept. of History<\/td>\n<td rowspan=\"1\">Faculty Member<\/td>\n<\/tr>\n<tr>\n<td class=\"even\"><a class=\"default\" tabindex=\"413\" title=\"Link zu interner Seite\" href=\"https:\/\/www.plus.ac.at\/geschichte\/der-fachbereich\/personen\/buehrer-tanja\/\" target=\"_self\" rel=\"noopener noreferrer\">Univ.-Prof. Dr.<sup>\u00a0<\/sup>Tanja B\u00fchrer<\/a><\/td>\n<td class=\"even\">Dept. of History<\/td>\n<td class=\"even\">Faculty Member<\/td>\n<\/tr>\n<tr>\n<td rowspan=\"1\"><a class=\"default\" tabindex=\"412\" title=\"Link to internal page\" href=\"https:\/\/www.uni-salzburg.at\/index.php?id=212469\" target=\"_self\" rel=\"noopener noreferrer\">Assoz. Prof. Dr. Jan Cemper-Kiesslich<\/a><\/td>\n<td rowspan=\"1\">IZMF\/ Dept. of Forensic Medicine<\/td>\n<td rowspan=\"1\">Faculty Member<\/td>\n<\/tr>\n<tr>\n<td class=\"even\" rowspan=\"1\"><a class=\"default\" tabindex=\"413\" title=\"Link to internal page\" href=\"https:\/\/www.uni-salzburg.at\/index.php?id=23090\" target=\"_self\" rel=\"noopener noreferrer\">Dr. Martina Feichtenschlager<\/a><\/td>\n<td class=\"even\" rowspan=\"1\">IZMF\/ Dept. of German Studies<\/td>\n<td class=\"even\" rowspan=\"1\">Faculty Member<\/td>\n<\/tr>\n<tr>\n<td rowspan=\"1\"><a class=\"default\" tabindex=\"414\" title=\"Link to internal page\" href=\"https:\/\/www.uni-salzburg.at\/index.php?id=20737\" target=\"_self\" rel=\"noopener noreferrer\">Univ. Prof. Dr. Monika Frass<\/a><\/td>\n<td rowspan=\"1\">Dept. of Classical Studies<\/td>\n<td rowspan=\"1\">Faculty Member<\/td>\n<\/tr>\n<tr>\n<td class=\"even\" rowspan=\"1\"><a class=\"extlink\" tabindex=\"415\" title=\"Dr. Thomas K\u00fchtreiber\" href=\"https:\/\/www.imareal.sbg.ac.at\/team\/thomas-kuehtreiber\/\" target=\"_blank\" rel=\"noopener noreferrer\">Dr. Thomas K\u00fchtreiber<\/a><\/td>\n<td class=\"even\" rowspan=\"1\">IZMF \/Dept. of Classical Studies<\/td>\n<td class=\"even\" rowspan=\"1\">Faculty Member<\/td>\n<\/tr>\n<tr>\n<td class=\"even\" rowspan=\"1\"><a class=\"default\" tabindex=\"417\" title=\"Link to internal page\" href=\"https:\/\/www.uni-salzburg.at\/index.php?id=56377\" target=\"_self\" rel=\"noopener noreferrer\">Univ. Prof. Dr. Susanne Plietzsch<\/a><\/td>\n<td class=\"even\" rowspan=\"1\">ZJK\/ IZMF<\/td>\n<td class=\"even\" rowspan=\"1\">Faculty Member<\/td>\n<\/tr>\n<tr>\n<td rowspan=\"1\"><a class=\"default\" tabindex=\"418\" title=\"Link to internal page\" href=\"https:\/\/www.uni-salzburg.at\/index.php?id=24623\" target=\"_self\" rel=\"noopener noreferrer\">Univ. Prof. Dr. Renate Prochno-Schinkel<\/a><\/td>\n<td rowspan=\"1\">IZMF\/ Dept. of Dance, Music and Art Studies<\/td>\n<td rowspan=\"1\">Faculty Member<\/td>\n<\/tr>\n<tr>\n<td rowspan=\"1\"><a class=\"default\" tabindex=\"408\" title=\"Link zu interner Seite\" href=\"https:\/\/www.plus.ac.at\/altertumswissenschaften\/der-fachbereich\/personen\/klassische-philologie-2\/weber-dorothea\/\" target=\"_self\" rel=\"noopener noreferrer\">Univ.-Prof. Dr. Dorothea Weber\u00a0<\/a><\/td>\n<td rowspan=\"1\">Dept. of Classical Studies \/ CSEL<\/td>\n<td rowspan=\"1\">Faculty Member<\/td>\n<\/tr>\n<tr>\n<td rowspan=\"1\"><a class=\"default\" tabindex=\"408\" title=\"Link zu interner Seite\" href=\"https:\/\/www.plus.ac.at\/praktische-theologie\/faecher-unseres-fachbereichs\/liturgiewissenschaft-und-sakramententheologie\/wir-ueber-uns\/\" target=\"_self\" rel=\"noopener noreferrer\">Univ.-Prof. Dr. Alexander Zerfa\u00df<\/a><\/td>\n<td rowspan=\"1\">IZMF \/ Dept. of Practical Theology at the Faculty of Catholic Theology<\/td>\n<td rowspan=\"1\">DSP Management<\/td>\n<\/tr>\n<\/tbody>\n<\/table>\n<p>[\/vc_column_text][\/vc_column][\/vc_row]<\/p>\n<\/section>","protected":false},"excerpt":{"rendered":"<p>[vc_row][vc_column][vc_column_text] Univ.-Prof. Dr. Christina Antenhofer IZMF \/ Dept. of History DSP Management Ap. Prof. Dr. Elisabeth&#8230;<\/p>\n","protected":false},"author":3,"featured_media":0,"parent":0,"menu_order":0,"comment_status":"closed","ping_status":"closed","template":"","meta":{"_bbp_topic_count":0,"_bbp_reply_count":0,"_bbp_total_topic_count":0,"_bbp_total_reply_count":0,"_bbp_voice_count":0,"_bbp_anonymous_reply_count":0,"_bbp_topic_count_hidden":0,"_bbp_reply_count_hidden":0,"_bbp_forum_subforum_count":0},"yoast_head":"<!-- This site is optimized with the Yoast SEO plugin v20.2.1 - https:\/\/yoast.com\/wordpress\/plugins\/seo\/ -->\n<title>Faculty - IZMF - Interdisziplin\u00e4res Zentrum f\u00fcr Mittelalter und Fr\u00fchneuzeit<\/title>\n<meta name=\"robots\" content=\"index, follow, max-snippet:-1, max-image-preview:large, max-video-preview:-1\" \/>\n<link rel=\"canonical\" href=\"https:\/\/geschichte-studium.at\/izmf\/en\/faculty-2\/\" \/>\n<meta property=\"og:locale\" content=\"de_DE\" \/>\n<meta property=\"og:type\" content=\"article\" \/>\n<meta property=\"og:title\" content=\"Faculty - IZMF - Interdisziplin\u00e4res Zentrum f\u00fcr Mittelalter und Fr\u00fchneuzeit\" \/>\n<meta property=\"og:description\" content=\"[vc_row][vc_column][vc_column_text] Univ.-Prof. Dr. Christina Antenhofer IZMF \/ Dept. of History DSP Management Ap. Prof. Dr. Elisabeth...\" \/>\n<meta property=\"og:url\" content=\"https:\/\/geschichte-studium.at\/izmf\/en\/faculty-2\/\" \/>\n<meta property=\"og:site_name\" content=\"IZMF - Interdisziplin\u00e4res Zentrum f\u00fcr Mittelalter und Fr\u00fchneuzeit\" \/>\n<meta property=\"article:modified_time\" content=\"2026-02-24T11:04:42+00:00\" \/>\n<meta name=\"twitter:card\" content=\"summary_large_image\" \/>\n<meta name=\"twitter:label1\" content=\"Gesch\u00e4tzte Lesezeit\" \/>\n\t<meta name=\"twitter:data1\" content=\"1\u00a0Minute\" \/>\n<script type=\"application\/ld+json\" class=\"yoast-schema-graph\">{\"@context\":\"https:\/\/schema.org\",\"@graph\":[{\"@type\":\"WebPage\",\"@id\":\"https:\/\/geschichte-studium.at\/izmf\/en\/faculty-2\/\",\"url\":\"https:\/\/geschichte-studium.at\/izmf\/en\/faculty-2\/\",\"name\":\"Faculty - IZMF - Interdisziplin\u00e4res Zentrum f\u00fcr Mittelalter und Fr\u00fchneuzeit\",\"isPartOf\":{\"@id\":\"https:\/\/geschichte-studium.at\/izmf\/#website\"},\"datePublished\":\"2020-09-29T16:44:11+00:00\",\"dateModified\":\"2026-02-24T11:04:42+00:00\",\"breadcrumb\":{\"@id\":\"https:\/\/geschichte-studium.at\/izmf\/en\/faculty-2\/#breadcrumb\"},\"inLanguage\":\"de\",\"potentialAction\":[{\"@type\":\"ReadAction\",\"target\":[\"https:\/\/geschichte-studium.at\/izmf\/en\/faculty-2\/\"]}]},{\"@type\":\"BreadcrumbList\",\"@id\":\"https:\/\/geschichte-studium.at\/izmf\/en\/faculty-2\/#breadcrumb\",\"itemListElement\":[{\"@type\":\"ListItem\",\"position\":1,\"name\":\"Startseite\",\"item\":\"https:\/\/izmf-salzburg.at\/\"},{\"@type\":\"ListItem\",\"position\":2,\"name\":\"Faculty\"}]},{\"@type\":\"WebSite\",\"@id\":\"https:\/\/geschichte-studium.at\/izmf\/#website\",\"url\":\"https:\/\/geschichte-studium.at\/izmf\/\",\"name\":\"IZMF - Interdisziplin\u00e4res Zentrum f\u00fcr Mittelalter und Fr\u00fchneuzeit\",\"description\":\"\",\"publisher\":{\"@id\":\"https:\/\/geschichte-studium.at\/izmf\/#organization\"},\"potentialAction\":[{\"@type\":\"SearchAction\",\"target\":{\"@type\":\"EntryPoint\",\"urlTemplate\":\"https:\/\/geschichte-studium.at\/izmf\/?s={search_term_string}\"},\"query-input\":\"required name=search_term_string\"}],\"inLanguage\":\"de\"},{\"@type\":\"Organization\",\"@id\":\"https:\/\/geschichte-studium.at\/izmf\/#organization\",\"name\":\"IZMF - Interdisziplin\u00e4res Zentrum f\u00fcr Mittelalter und Fr\u00fchneuzeit\",\"url\":\"https:\/\/geschichte-studium.at\/izmf\/\",\"logo\":{\"@type\":\"ImageObject\",\"inLanguage\":\"de\",\"@id\":\"https:\/\/geschichte-studium.at\/izmf\/#\/schema\/logo\/image\/\",\"url\":\"https:\/\/izmf-salzburg.at\/wp-content\/uploads\/2020\/03\/LOGO_IZMF-1.png\",\"contentUrl\":\"https:\/\/izmf-salzburg.at\/wp-content\/uploads\/2020\/03\/LOGO_IZMF-1.png\",\"width\":2525,\"height\":1495,\"caption\":\"IZMF - Interdisziplin\u00e4res Zentrum f\u00fcr Mittelalter und Fr\u00fchneuzeit\"},\"image\":{\"@id\":\"https:\/\/geschichte-studium.at\/izmf\/#\/schema\/logo\/image\/\"},\"sameAs\":[\"https:\/\/www.instagram.com\/izmfunisalzburg\/\"]}]}<\/script>\n<!-- \/ Yoast SEO plugin. -->","yoast_head_json":{"title":"Faculty - IZMF - Interdisziplin\u00e4res Zentrum f\u00fcr Mittelalter und Fr\u00fchneuzeit","robots":{"index":"index","follow":"follow","max-snippet":"max-snippet:-1","max-image-preview":"max-image-preview:large","max-video-preview":"max-video-preview:-1"},"canonical":"https:\/\/geschichte-studium.at\/izmf\/en\/faculty-2\/","og_locale":"de_DE","og_type":"article","og_title":"Faculty - IZMF - Interdisziplin\u00e4res Zentrum f\u00fcr Mittelalter und Fr\u00fchneuzeit","og_description":"[vc_row][vc_column][vc_column_text] Univ.-Prof. Dr. Christina Antenhofer IZMF \/ Dept. of History DSP Management Ap. Prof. Dr. Elisabeth...","og_url":"https:\/\/geschichte-studium.at\/izmf\/en\/faculty-2\/","og_site_name":"IZMF - Interdisziplin\u00e4res Zentrum f\u00fcr Mittelalter und Fr\u00fchneuzeit","article_modified_time":"2026-02-24T11:04:42+00:00","twitter_card":"summary_large_image","twitter_misc":{"Gesch\u00e4tzte Lesezeit":"1\u00a0Minute"},"schema":{"@context":"https:\/\/schema.org","@graph":[{"@type":"WebPage","@id":"https:\/\/geschichte-studium.at\/izmf\/en\/faculty-2\/","url":"https:\/\/geschichte-studium.at\/izmf\/en\/faculty-2\/","name":"Faculty - IZMF - Interdisziplin\u00e4res Zentrum f\u00fcr Mittelalter und Fr\u00fchneuzeit","isPartOf":{"@id":"https:\/\/geschichte-studium.at\/izmf\/#website"},"datePublished":"2020-09-29T16:44:11+00:00","dateModified":"2026-02-24T11:04:42+00:00","breadcrumb":{"@id":"https:\/\/geschichte-studium.at\/izmf\/en\/faculty-2\/#breadcrumb"},"inLanguage":"de","potentialAction":[{"@type":"ReadAction","target":["https:\/\/geschichte-studium.at\/izmf\/en\/faculty-2\/"]}]},{"@type":"BreadcrumbList","@id":"https:\/\/geschichte-studium.at\/izmf\/en\/faculty-2\/#breadcrumb","itemListElement":[{"@type":"ListItem","position":1,"name":"Startseite","item":"https:\/\/izmf-salzburg.at\/"},{"@type":"ListItem","position":2,"name":"Faculty"}]},{"@type":"WebSite","@id":"https:\/\/geschichte-studium.at\/izmf\/#website","url":"https:\/\/geschichte-studium.at\/izmf\/","name":"IZMF - Interdisziplin\u00e4res Zentrum f\u00fcr Mittelalter und Fr\u00fchneuzeit","description":"","publisher":{"@id":"https:\/\/geschichte-studium.at\/izmf\/#organization"},"potentialAction":[{"@type":"SearchAction","target":{"@type":"EntryPoint","urlTemplate":"https:\/\/geschichte-studium.at\/izmf\/?s={search_term_string}"},"query-input":"required name=search_term_string"}],"inLanguage":"de"},{"@type":"Organization","@id":"https:\/\/geschichte-studium.at\/izmf\/#organization","name":"IZMF - Interdisziplin\u00e4res Zentrum f\u00fcr Mittelalter und Fr\u00fchneuzeit","url":"https:\/\/geschichte-studium.at\/izmf\/","logo":{"@type":"ImageObject","inLanguage":"de","@id":"https:\/\/geschichte-studium.at\/izmf\/#\/schema\/logo\/image\/","url":"https:\/\/izmf-salzburg.at\/wp-content\/uploads\/2020\/03\/LOGO_IZMF-1.png","contentUrl":"https:\/\/izmf-salzburg.at\/wp-content\/uploads\/2020\/03\/LOGO_IZMF-1.png","width":2525,"height":1495,"caption":"IZMF - Interdisziplin\u00e4res Zentrum f\u00fcr Mittelalter und Fr\u00fchneuzeit"},"image":{"@id":"https:\/\/geschichte-studium.at\/izmf\/#\/schema\/logo\/image\/"},"sameAs":["https:\/\/www.instagram.com\/izmfunisalzburg\/"]}]}},"_links":{"self":[{"href":"https:\/\/geschichte-studium.at\/izmf\/wp-json\/wp\/v2\/pages\/5022"}],"collection":[{"href":"https:\/\/geschichte-studium.at\/izmf\/wp-json\/wp\/v2\/pages"}],"about":[{"href":"https:\/\/geschichte-studium.at\/izmf\/wp-json\/wp\/v2\/types\/page"}],"author":[{"embeddable":true,"href":"https:\/\/geschichte-studium.at\/izmf\/wp-json\/wp\/v2\/users\/3"}],"replies":[{"embeddable":true,"href":"https:\/\/geschichte-studium.at\/izmf\/wp-json\/wp\/v2\/comments?post=5022"}],"version-history":[{"count":11,"href":"https:\/\/geschichte-studium.at\/izmf\/wp-json\/wp\/v2\/pages\/5022\/revisions"}],"predecessor-version":[{"id":7525,"href":"https:\/\/geschichte-studium.at\/izmf\/wp-json\/wp\/v2\/pages\/5022\/revisions\/7525"}],"wp:attachment":[{"href":"https:\/\/geschichte-studium.at\/izmf\/wp-json\/wp\/v2\/media?parent=5022"}],"curies":[{"name":"wp","href":"https:\/\/api.w.org\/{rel}","templated":true}]}}